{"id":73,"date":"2015-04-15T17:15:36","date_gmt":"2015-04-15T15:15:36","guid":{"rendered":"http:\/\/loctaux-services.com\/?page_id=73"},"modified":"2015-11-10T22:30:26","modified_gmt":"2015-11-10T21:30:26","slug":"transport-animalier","status":"publish","type":"page","link":"https:\/\/loctaux-services.com\/index.php\/transport-animalier\/","title":{"rendered":"Service de transport"},"content":{"rendered":"<h3><strong>Service de transport pour chien<\/strong><\/h3>\n<p>Certificat d&rsquo;aptitude professionnelle au transport d&rsquo;animaux vivants:<br \/>\nN\u00b0 33257<\/p>\n<p class=\"r\">Assurance responsabilit\u00e9 civile professionnelle: Aviva RC Pro<\/p>\n<p>Assurance d\u00e9placement professionnel: Aviva Automobile<\/p>\n<p>Assurance transport animaux : Aviva Pr\u00e9viroute<\/p>\n","protected":false},"excerpt":{"rendered":"<p>Service de transport pour chien Certificat d&rsquo;aptitude professionnelle au transport d&rsquo;animaux vivants: N\u00b0 33257 Assurance responsabilit\u00e9 civile professionnelle: Aviva RC Pro Assurance d\u00e9placement professionnel: Aviva Automobile Assurance transport animaux : Aviva Pr\u00e9viroute<\/p>\n","protected":false},"author":1,"featured_media":0,"parent":0,"menu_order":0,"comment_status":"closed","ping_status":"closed","template":"","meta":{"_exactmetrics_skip_tracking":false,"_exactmetrics_sitenote_active":false,"_exactmetrics_sitenote_note":"","_exactmetrics_sitenote_category":0,"footnotes":""},"class_list":["post-73","page","type-page","status-publish","hentry"],"_links":{"self":[{"href":"https:\/\/loctaux-services.com\/index.php\/wp-json\/wp\/v2\/pages\/73"}],"collection":[{"href":"https:\/\/loctaux-services.com\/index.php\/wp-json\/wp\/v2\/pages"}],"about":[{"href":"https:\/\/loctaux-services.com\/index.php\/wp-json\/wp\/v2\/types\/page"}],"author":[{"embeddable":true,"href":"https:\/\/loctaux-services.com\/index.php\/wp-json\/wp\/v2\/users\/1"}],"replies":[{"embeddable":true,"href":"https:\/\/loctaux-services.com\/index.php\/wp-json\/wp\/v2\/comments?post=73"}],"version-history":[{"count":4,"href":"https:\/\/loctaux-services.com\/index.php\/wp-json\/wp\/v2\/pages\/73\/revisions"}],"predecessor-version":[{"id":365,"href":"https:\/\/loctaux-services.com\/index.php\/wp-json\/wp\/v2\/pages\/73\/revisions\/365"}],"wp:attachment":[{"href":"https:\/\/loctaux-services.com\/index.php\/wp-json\/wp\/v2\/media?parent=73"}],"curies":[{"name":"wp","href":"https:\/\/api.w.org\/{rel}","templated":true}]}}